{"id":27,"date":"2013-09-15T00:51:37","date_gmt":"2013-09-15T03:51:37","guid":{"rendered":"http:\/\/miguelfaccio.com.br\/blog\/?page_id=27"},"modified":"2021-04-11T14:23:15","modified_gmt":"2021-04-11T17:23:15","slug":"em-busca-da-harmonia","status":"publish","type":"page","link":"https:\/\/www.miguelfaccio.com.br\/blog\/index.php\/em-busca-da-harmonia\/","title":{"rendered":"Busca da Harmonia"},"content":{"rendered":"<p style=\"text-align: center;\"><strong>SINOPSE<br \/>\n<\/strong><\/p>\n<div id=\"attachment_111\" style=\"width: 207px\" class=\"wp-caption alignnone\"><a href=\"http:\/\/www.miguelfaccio.com.br\/blog\/wp-content\/uploads\/2013\/09\/em_busca_harmonia.jpg\"><img aria-describedby=\"caption-attachment-111\" loading=\"lazy\" class=\"size-medium wp-image-111\" alt=\"Capa do Livro Em Busca da Harmonia\" src=\"http:\/\/www.miguelfaccio.com.br\/blog\/wp-content\/uploads\/2013\/09\/em_busca_harmonia-197x300.jpg\" width=\"197\" height=\"300\" srcset=\"https:\/\/www.miguelfaccio.com.br\/blog\/wp-content\/uploads\/2013\/09\/em_busca_harmonia-197x300.jpg 197w, https:\/\/www.miguelfaccio.com.br\/blog\/wp-content\/uploads\/2013\/09\/em_busca_harmonia.jpg 359w\" sizes=\"(max-width: 197px) 100vw, 197px\" \/><\/a><p id=\"caption-attachment-111\" class=\"wp-caption-text\">Capa do Livro Em Busca da Harmonia<\/p><\/div>\n<p>Dos diversos ensinamentos que tivemos, v\u00e1rios n\u00e3o t\u00eam respaldo na Escritura Sagrada. Nesta obra, procuro encontrar respostas para questionamentos que podem surgir por meio da n\u00e3o intelectualiza\u00e7\u00e3o do Deus que nos impingem. Ap\u00f3s sofrer na carne, at\u00e9 me conscientizar de que este Deus, n\u00e3o poderia ser o meu Deus. Deus \u00e9 justo e bom, mas me passavam a ideia de um Deus vingativo, carrasco e cruel. Que mais parecia um c\u00e3o de guarda do que um Pai. E um pouco do que encontrei est\u00e1 nesta obra.<\/p>\n<p>Links:<br \/>\n<a href=\"http:\/\/www.miguelfaccio.com.br\/blog\/?p=34\">Aqui no Blog.<\/a><br \/>\n<a href=\"http:\/\/www.bookess.com\/read\/16542-em-busca-da-harmonia\/\" target=\"_blank\" rel=\"noopener\">Livro Digital Bookess<\/a><\/p>\n","protected":false},"excerpt":{"rendered":"<p>SINOPSE Dos diversos ensinamentos que tivemos, v\u00e1rios n\u00e3o t\u00eam respaldo na Escritura Sagrada. Nesta obra, procuro encontrar respostas para questionamentos que podem surgir por meio da n\u00e3o intelectualiza\u00e7\u00e3o do Deus que nos impingem. Ap\u00f3s sofrer na carne, at\u00e9 me conscientizar de que este Deus, n\u00e3o poderia ser o meu Deus. Deus \u00e9 justo e bom, [&hellip;]<\/p>\n","protected":false},"author":1,"featured_media":0,"parent":0,"menu_order":2,"comment_status":"open","ping_status":"closed","template":"","meta":{"_mi_skip_tracking":false},"_links":{"self":[{"href":"https:\/\/www.miguelfaccio.com.br\/blog\/index.php\/wp-json\/wp\/v2\/pages\/27"}],"collection":[{"href":"https:\/\/www.miguelfaccio.com.br\/blog\/index.php\/wp-json\/wp\/v2\/pages"}],"about":[{"href":"https:\/\/www.miguelfaccio.com.br\/blog\/index.php\/wp-json\/wp\/v2\/types\/page"}],"author":[{"embeddable":true,"href":"https:\/\/www.miguelfaccio.com.br\/blog\/index.php\/wp-json\/wp\/v2\/users\/1"}],"replies":[{"embeddable":true,"href":"https:\/\/www.miguelfaccio.com.br\/blog\/index.php\/wp-json\/wp\/v2\/comments?post=27"}],"version-history":[{"count":12,"href":"https:\/\/www.miguelfaccio.com.br\/blog\/index.php\/wp-json\/wp\/v2\/pages\/27\/revisions"}],"predecessor-version":[{"id":12987,"href":"https:\/\/www.miguelfaccio.com.br\/blog\/index.php\/wp-json\/wp\/v2\/pages\/27\/revisions\/12987"}],"wp:attachment":[{"href":"https:\/\/www.miguelfaccio.com.br\/blog\/index.php\/wp-json\/wp\/v2\/media?parent=27"}],"curies":[{"name":"wp","href":"https:\/\/api.w.org\/{rel}","templated":true}]}}